-a + 5*u + 0 + 2 = 0. Calculate the remainder when 6 is divided by a.
0
Suppose 27 = 5*b + 7. Suppose -4*p = -p, -l + 3*p + b = 0. Let o(u) = 8*u**2 - u. Calculate the remainder when o(-1) is divided by l.
1
Let h = 34 - 1. What is the remainder when h is divided by 14?
5
Let b be (4/8)/(2/4). Let z be 0 - (b - 0)*1. What is the remainder when z - (2 + (-16)/2) is divided by 2?
1
Suppose -8 = -5*d + 7. What is the remainder when d is divided by 3?
0
Suppose i - 4 = 1. Suppose -3*x = j + 6 - 19, -45 = -i*j + 5*x. What is the remainder when (2 - 2 - 2) + 31 is divided by j?
9
What is the remainder when 92/(-8)*-2 - 3 is divided by 12?
8
Suppose 51 = -3*k + 147. What is the remainder when k is divided by (14/(-10))/(156/(-30) + 5)?
4
Suppose b = 3*i + 48 + 57, 0 = 3*b - 2*i - 329. Calculate the remainder when b is divided by 19.
16
Let i(v) = -v + 29*v**2 + 5*v**2 + 15*v**2. Let c be i(-1). Let k = c - 36. Calculate the remainder when 26 is divided by k.
12
Let z be ((-94)/(-4))/(3/30). Suppose 2*x - z = -5*p, 4*p + 3*x = 28 + 167. Calculate the remainder when p is divided by 16.
13
Let j = 110 - 63. Let g = 37 - -4. Suppose -2*x + 6 = p, 5*p - 59 = 4*x + g. Calculate the remainder when j is divided by p.
15
Let d(y) = y**3 + 14*y**2 + 7*y - 17. Let n(r) = -r**3 + 13*r**2 - 10*r + 8. What is the remainder when d(-13) is divided by n(12)?
29
Let p = -4 - -7. Suppose -5*s = -3*l - 2*l - 20, 0 = -4*s + l + 13. Let v(f) = f**3 - 2*f**2 - 2*f + 4. What is the remainder when v(s) is divided by p?
1
Let d = -27 + 41. Suppose d*s - 90 = 9*s. Calculate the remainder when 33 is divided by s.
15
Suppose 2*i - 2*s = 3*s + 74, 166 = 5*i - 3*s. Let q = -35 + 46. What is the remainder when i is divided by q?
10
Let r(y) = 2*y**2 - 5*y + 8. Calculate the remainder when 131 is divided by r(3).
10
Let i = 188 - 93. What is the remainder when i is divided by -4 + -2 + 5 - -25?
23
Let m(v) = v - 3. Let b be m(6). Suppose 5*f - 16 = 4*c + 8, b*f + 2*c - 32 = 0. What is the remainder when 31 is divided by f?
7
Let b be (-130)/3*(-3)/2. Let o = -46 + b. Suppose 3*c - 24 = 6. What is the remainder when o is divided by c?
9
Let x(c) = c**3 - 16*c**2 + 30*c - 11. What is the remainder when x(14) is divided by 12?
5
Suppose -4*u + 52 = -3*w + w, 3*w = -u + 6. Calculate the remainder when 32 is divided by u.
8
Suppose n = 158 - 31. Calculate the remainder when n is divided by 16.
15
Let u(m) = m**2 - 6*m + 2. What is the remainder when 53 is divided by u(8)?
17
Let v(s) = 56*s**2 - 2*s - 1. What is the remainder when v(-1) is divided by 15?
12
Suppose -5*v - 7 = -27. Suppose 2*q = 7*q. Suppose q = 2*z + z - 18. Calculate the remainder when z is divided by v.
2
Let r = -58 + 263. Suppose 3*s - 4*i = 158, 5*s + 5*i = -0*s + r. Calculate the remainder when s is divided by 12.
10
Suppose 24*j + 18 = 26*j. Calculate the remainder when 4/(-6) + (-50)/(-3) is divided by j.
7
Let j(q) = -q - 7. Let f be j(-7). Suppose 1 + 17 = 3*c. Let w = c - f. What is the remainder when 17 is divided by w?
5
Let g = -40 + 76. Let j = 55 + -36. What is the remainder when g is divided by j?
17
Suppose r - 17 = -u + 15, -u = 3*r - 42. Let k = u + -25. Calculate the remainder when k is divided by 1.
0
Suppose -2*j - c = -30, 3*j = -5*c + c + 35. What is the remainder when 67 is divided by j?
16
What is the remainder when 13 is divided by (-2 - -5 - -2) + -1?
1
Let l(q) = -q**2 + 4*q + 6. Let d be l(6). What is the remainder when 23 is divided by (-3)/2*24/d?
5
Let l(f) = -4*f - 14. Calculate the remainder when 26 is divided by l(-6).
6
Let z(j) = 14*j - 2. Let n be z(3). Suppose 1 = u - n. Calculate the remainder when u is divided by 11.
8
Calculate the remainder when (-5 + 3)*(-47)/2 is divided by 25.
22
Let l = 66 + -45. Suppose 0 = 5*w - 4*a + 2*a - 923, 0 = -2*w - 3*a + 354. Suppose 2*y - w = -y. What is the remainder when y is divided by l?
19
Let m = 18 - 11. Let j(b) = -b + 10. Let f be j(m). Suppose -3*c - i + f*i = -9, -c + i + 3 = 0. Calculate the remainder when 6 is divided by c.
0
Suppose -4*x = -5*b + 71, b + 3*x + 6 - 24 = 0. What is the remainder when 57 is divided by b?
12
Let x(l) = l**2 - 4*l - 1. Let t be (-2)/(-4) - 14/4. What is the remainder when 58 is divided by x(t)?
18
Let i = 16 - -14. Suppose y = -y + i. What is the remainder when 45 + (0 - -1)*-1 is divided by y?
14
Let o be 1 - (-12)/2 - 0. Suppose o*s - 3*s - 56 = 0. What is the remainder when 27 is divided by s?
13
Suppose 5*c - 3*a = -4 + 84, 46 = 2*c - 4*a. Let j = 130 + -74. Let w = j - 32. What is the remainder when w is divided by c?
11
Suppose -30 = 29*j - 34*j. What is the remainder when 58 is divided by j?
4
Let s be 40 + (2 + 1 - 6). Let d = 54 - s. Calculate the remainder when d is divided by 6.
5
Suppose 0*t = t. Let g = 3 - t. Let j(z) = -z**2 + 5*z + 4. What is the remainder when j(5) is divided by g?
1
Suppose -5*g = -j + 57, 2*j + g = 4*g + 93. Calculate the remainder when j is divided by 22.
20
Suppose -4*x - 2*v + 26 = 0, -5*v = 2*x - 0*v - 9. Suppose 107 - x = 4*i. Calculate the remainder when 47 is divided by i.
22
Let g = -28 - -181. Calculate the remainder when g is divided by 31.
29
Suppose -4*k + 176 = -5*f, 46 + 24 = 2*k + 2*f. Let v = 28 - 18. What is the remainder when k is divided by v?
9
Calculate the remainder when 8 is divided by 3 + (-4 - -2 - -3).
0
Let w(q) = q + 6. Let n be w(9). Suppose 2*d - y = -1 + n, 3*d - 39 = -3*y. Let c(b) = 2*b + 5. Calculate the remainder when c(6) is divided by d.
8
Let q(r) = -r**2 - 6*r + 7. Let k = 6 + -12. Suppose 0 = 5*y - 5*s - 47 - 53, -4*y + 79 = -3*s. Calculate the remainder when y is divided by q(k).
5
Suppose -33 = -5*p + 277. Let b = p + -34. What is the remainder when b is divided by 15?
13
Let f(x) = 24708*x - 638. Let z(w) = 116*w - 3. Let a(m) = 6*f(m) - 1276*z(m). Let i be a(-1). What is the remainder when 35 is divided by 8/52 - i/13?
17
Suppose 2*t + p - 27 = 0, 0 = 4*t + t - 2*p - 45. Let o = -3 - -2. Let g(n) = -31*n. What is the remainder when g(o) is divided by t?
9
Suppose -6 = x - 20. Let f(h) = 10*h + 0*h - 1 + 4*h. Calculate the remainder when f(3) is divided by x.
13
Suppose 2*g + 198 = 4*i, -i - g + 53 = 2*g. Suppose -t = t - i. Calculate the remainder when 73 is divided by t.
23
Calculate the remainder when (-1)/((1/(-11))/1) is divided by 7.
4
Let u(h) be the third derivative of 0 + 0*h - 1/3*h**3 + 2*h**2 - 1/15*h**5 - 1/40*h**6 - 1/8*h**4. Calculate the remainder when 34 is divided by u(-2).
10
Suppose -25 = -7*x + 2*x. Let f(g) = -g**2 + g + 5. Let a be f(x). Calculate the remainder when 10/4*(-42)/a is divided by 5.
2
Suppose -l + 5*l - 20 = 0. Let g be -1*(1 - 0)*-5. Suppose h + g*b - 27 = 0, l*h - 3*b - 2*b - 75 = 0. Calculate the remainder when 49 is divided by h.
15
Let b = 79 + -51. Let y(q) = q + 21. Calculate the remainder when b is divided by y(-6).
13
Suppose -4 = -4*j, 0 = 2*p - 2*j - 5 - 3. Suppose -p*a = 4*o + 4 - 36, -5*a = 0. Let t = o + 10. Calculate the remainder when t is divided by 10.
8
Suppose -3*n + 20 = -10. Calculate the remainder when 58 is divided by n.
8
Let o(d) = -2*d**3 - 4*d**2 - 4*d - 5. Let t be o(-4). Suppose 2*p + 3*p = t. What is the remainder when 43 is divided by p?
13
Suppose 2*l + 45 = m, -154 = 3*m - 7*m - 5*l. Calculate the remainder when 73 is divided by m.
32
Calculate the remainder when 3/3*-2*-19 is divided by 13.
12
Let l(d) = -d. Let t be l(-3). Suppose 0 = -q - 3, 2*r = -r + t*q + 30. Let k(p) = -3*p**2 - 23*p - 10. What is the remainder when r is divided by k(-7)?
3
Suppose 0 = 5*y - 0*y - 355. Let t(a) = a**3 + a**2 - 4*a. Calculate the remainder when y is divided by t(3).
23
Suppose 2*h = 2, 2*h + 3 = 2*a - 61. Suppose 0 = 3*c - 5*p - a - 4, 4*c = 4*p + 36. What is the remainder when 13 is divided by c?
1
Suppose 2*y = -4*t + 7*y + 347, 0 = -2*t - 2*y + 160. Let c = t + -37. Suppose -5*o + 64 = -o. What is the remainder when c is divided by o?
14
Let j(a) = -a**3 - 6*a**2 - 3*a - 4. What is the remainder when j(-6) is divided by 5?
4
Let g(v) be the first derivative of -v**2 - 7*v + 1. Suppose 5*b - 4*b = -2*x, 2*x = -2*b - 2. What is the remainder when g(-5) is divided by x?
0
Suppose t - 2*y = 3*y - 8, 2*t + 6 = 5*y. Suppose 2*f + 0*f = t*m - 146, 0 = 4*m - 3*f - 289